erivative of -s**5/60 - s**4/24 + s**3/2 + 8*s**2 + 4*s. Calculate k(g).
-9
Let w be 22 + (-11)/((-22)/(-4)). Suppose w = -y + 2*t, 3*t = -2*y + 6*y + 65. Let l(d) = d**2 + 16*d + 17. Calculate l(y).
-11
Let i be ((-2)/(-6) + 3)/((-16)/(-24)). Suppose 0 = -4*x + 2*r, -x = i*r - 9*r + 14. Let t(f) = -7*f**2 + f + 2. What is t(x)?
-24
Let v be (175/28 + -7)*8/(-2). Let c(t) = 6*t + 6*t - 20*t - v + 10*t. What is c(3)?
3
Let b(q) be the first derivative of 1/4*q**4 - 7*q - 24 + 5/3*q**3 - 4*q**2. Give b(-6).
5
Let y(n) be the second derivative of -n**3/6 - 19*n**2/2 - 9*n - 210. Let z = 10 - 30. Determine y(z).
1
Let p(t) = -2*t**3 - t**2 + 4*t + 3. Suppose 2*d = -3*v + 29, 3*d - 6*d + 53 = -5*v. Let f(z) = -2*z**2 + 33*z - 18. Let g be f(d). What is p(g)?
7
Let h be (7 + (-1495)/207)*-36. Let o(m) = -m**2 + 10*m - 29. Give o(h).
-13
Suppose 5*n - 445 = -440. Let d(i) = i**3 + 3*i**2 + i + 6. Let s(g) = -g**3 - 2*g**2 - g - 5. Let y(z) = 5*d(z) + 6*s(z). Calculate y(n).
1
Let z(x) = -78*x - 88*x - 90*x + 9 + 266*x + 145. Give z(-14).
14
Suppose 0 = -z - 3*h + 12, z = -4*z + 3*h - 12. Let b(r) = 16*r - 10. Calculate b(z).
-10
Let s(y) = -217*y - 32978. Let f be s(-152). Let w(o) = 6*o - 10 + 2*o - 3*o. Calculate w(f).
20
Let l(m) = -3*m - 4. Let r be (-45 - 1) + (-9)/((-27)/(-6)). Let n = r - -47. Let c be -1 - 2 - 0/2*n. What is l(c)?
5
Let y(x) be the first derivative of x**3/3 + x**2 - 62*x + 1304. Determine y(0).
-62
Let v(j) = -363*j**3 + 918*j**3 - 77 + 53*j - 26*j**2 - 556*j**3. Determine v(-28).
7
Let r(x) = 4*x - 4. Let d be 8*((-18)/(-108))/((-1)/3). Calculate r(d).
-20
Let n(m) = 59299*m + 1 - 29654*m - 29647*m. Calculate n(1).
-1
Let p(g) = -g**2 - 13*g - 27. Let t be p(-3). Let s(v) = 4*v**t - 604*v**2 + 608*v**2 - 5*v**3. Suppose 9 = -4*j + 21. What is s(j)?
9
Let w = 7202 + -7198. Let k(l) = -l**2 + 8*l - 10. Calculate k(w).
6
Let b(c) = -7*c - 6*c - 2*c + 10*c - 4. Let t(a) be the third derivative of -a**6/120 + a**5/20 - 5*a**4/24 + a**3/2 - 12*a**2. Let h be t(2). Determine b(h).
11
Let x = 48 - 31. Let r(k) = -41*k + 19*k + x*k + 6*k - 18. Calculate r(9).
-9
Let d(b) = -b**3 - 5*b**2 + 5*b - 4. Let f be d(-6). Let i(g) = 14*g**3 - 192*g**2 - 191*g**2 - 198*g**2 + 580*g**f. What is i(-1)?
-15
Let s(b) = -19*b**2 + 5*b - 5. Suppose -3*a - 3 + 7 = -5*h, 0 = 3*h - a. Determine s(h).
-19
Let g(c) = -c + 6. Suppose -1334*t + 1332*t = 14. What is g(t)?
13
Let o(i) = -3446*i + 3439*i + 60 + 25 + 10. Calculate o(11).
18
Let h = 2 - -6. Let k(m) = -m**2 - 3. Let q(v) = -1. Let x(f) = f**3 - 4*f**2 + 8*f + 17. Let n(d) = 3*q(d) - x(d). Let c(g) = 5*k(g) - n(g). Calculate c(h).
5
Suppose 21*c - 810 = -6*c. Let g be (-1 + 1)/((-5)/c*-6). Let y(f) = f**2 - f - 7. Calculate y(g).
-7
Let j(f) = 11*f + 2. Let a be j(-2). Let i be (-6)/9 - a/(-6). Let c(s) = 128*s - 145. Let b(n) = 79*n - 91. Let q(t) = 8*b(t) - 5*c(t). What is q(i)?
29
Suppose -5*o + m = 10, -5*m + 3 = -4*o - 5. Let j be 6/(-1)*o/3. Let a(v) = v. What is a(j)?
4
Let b(u) = 6*u - 5. Let v(o) = -o + 2. Let m be (25/15)/((-5)/(-6)). Let f(q) = m*v(q) + b(q). Give f(1).
3
Let q(z) = -10. Let m(x) = -6*x + 207. Let y(p) = m(p) - 4*q(p). Give y(41).
1
Let h(y) = -y**3 - 26*y**2 - 6*y - 138. Let s be 84/(-2394) + 19240/(-741). Determine h(s).
18
Let z(f) = -f + 13. Let m be z(8). Let j(d) be the third derivative of -d**6/120 + 7*d**5/60 - d**4/3 + d**3/2 + 4*d**2 + 542. Give j(m).
13
Let n(y) = 3*y + 2 + 113*y**2 - 30*y**2 - 4*y - 45*y**2 - 45*y**2. Give n(-2).
-24
Let v(q) = -2*q - 12. Suppose 8*p = 9*p - 2*c - 17, -c = -4*p + 40. Give v(p).
-30
Let f(d) = 8*d - 20 - 1 + 1317*d**2 - 435*d**2 - 437*d**2 - 444*d**2. Give f(-10).
-1
Let z(h) be the third derivative of -h**8/20160 + 7*h**6/240 - h**5/30 + 5*h**4/8 + 54*h**2. Let j(f) be the third derivative of z(f). Calculate j(0).
21
Let w(g) = -g**3 + 13*g**2 + 8*g - 12. Suppose -5*o - 1493*k + 1494*k = -65, 0 = 4*k - 20. Calculate w(o).
-96
Let i be (-3)/(-6) - 0 - 61/122. Let t(f) = 32*f + f**3 - f**2 - 3*f**3 + 3*f**3 - 31*f + 8. Give t(i).
8
Let c(d) be the second derivative of -d**5/20 + 7*d**4/4 + 11*d**3/3 - 29*d**2/2 - 113*d - 23. What is c(22)?
-29
Let v = -189 - -193. Suppose v*p = 9*p + p. Let w(q) = -q**2 - q + 10. Give w(p).
10
Suppose 0 = 36*b - 14*b + 792. Let a = b + 40. Let o(w) = w**2 - 3*w - 2. Calculate o(a).
2
Let j(n) = -5*n**3 - 18*n**2 + 3*n + 8. Let g be 2/18 - 296/72. Let s(z) = 4*z**3 + 16*z**2 - z - 9. Let d(b) = g*s(b) - 3*j(b). Determine d(-9).
-24
Let c(x) = x**2 - 6*x - 11. Let d(j) = -j**2 + 21*j + 24. Let z be d(22). Suppose -2*n - 10 = 0, -z*m + 11 - 5 = 2*n. Calculate c(m).
5
Let c(p) be the second derivative of p**4/12 + 2*p**3 + 3*p**2 + 2*p. Let l be -1 + 101/(-9) + 10 + (-880)/90. Determine c(l).
6
Let s(k) = -34*k**2 + 750*k - 41. Let w be s(22). Let f(y) be the second derivative of -y**4/12 + 5*y**3/6 + y**2 + y. Determine f(w).
8
Let m(j) = 38 + 1772*j**2 + j**3 + 104 + 74*j - 573*j**2 - 579*j**2 - 583*j**2. What is m(-35)?
2
Let f(g) be the third derivative of 8*g**4/3 - 515*g**3/6 + 2*g**2 + 469*g. What is f(8)?
-3
Let h be 3/(27/6 - 3). Suppose -24 = 5*z - 0*z - r, 2*r + 12 = -h*z. Let x(n) = 6*n**2 - n + 6. Let b(c) = -1. Let l(y) = z*b(y) - x(y). Determine l(1).
-6
Let k(t) = -t**2 - 3*t - 11 - 4*t**2 - t + 5 + t**3. Let a be k(6). Let h(z) = a - 3 - z**3 - z + 1. Give h(0).
4
Let a(m) = -m**3 - 7*m**2 + 10*m + 9. Let o(p) = p**2 + p + 7. Let h be o(0). Suppose -h*w + 85 = -2*w. Suppose -10*q + w*q = -56. Determine a(q).
-7
Suppose -4 = -g, -2*q = 6*g - 4*g - 20. Let r(v) = 13 - 3*v - 5 + 3*v**2 - q - 2*v**2. Calculate r(5).
12
Let v(u) = -11*u + 1. Let k(b) = b**3 - 2*b**2 - 4*b + 1. Let n(x) = -2*x**3 + 5*x**2 + 7*x - 2. Let l(i) = -7*k(i) - 4*n(i). Let j be l(6). Determine v(j).
-10
Suppose 38*k - 99 = 5*k. Let n = 7 - 4. Let b be 7 + (-10)/k + (-2)/n. Let v(f) = f. What is v(b)?
3
Let y(n) be the third derivative of 0*n - 3*n**2 + 1 - 2/3*n**3 + 1/12*n**4 + 1/60*n**5. What is y(4)?
20
Let k(o) = o**3 - 6*o**2 - 6*o. Suppose r + 5*p = 7, 4*r - 5*p = 3*r - 3. Let h be (-1 - -2)*9 - r. Determine k(h).
7
Suppose 0 = 4*z - g - 11, 2*z - 2*g - 11 = -1. Let j(v) = -2*v + 4 + 97*v**z - 50*v**2 - 45*v**2. Calculate j(4).
28
Let j(b) = b**3 + 3*b**2 + 3*b + 1. Let x(z) = -50 + 54 + 2*z**2 - 4*z**2. Let t be x(2). Let c be 2/t + (-12)/8. What is j(c)?
-1
Let k be 20/(-70) - 74/(-14). Suppose 0 = k*z - 4 + 34. Let c(n) = -47*n + 5. Let s(m) = 28*m - 3. Let r(w) = -3*c(w) - 5*s(w). Determine r(z).
-6
Suppose -o = 3*o + 3*k + 10, -o + 4*k = -7. Let f = -19 - -24. Let g(r) = r**2 + r - 1. Let b(m) = 7*m**2 + 13*m - 10. Let v(w) = f*g(w) + o*b(w). Give v(-6).
-19
Let b(f) = 15*f**2 + 23*f**2 - 48*f + 138 + 73 - 36*f**2. Give b(18).
-5
Suppose -572*d + 602*d = -19 + 109. Let o(g) = g**2 + 4*g - 24. Calculate o(d).
-3
Let g(w) = 11*w**2 - w - 1. Suppose 126*j - 105*j = -126. Let p be -1*(-69)/(-63) + j/(-63). Give g(p).
11
Let z = 360 + -308. Let v be 42/63 - z/6. Let u(n) = n**3 + 7*n**2 - 8*n - 7. Give u(v).
-7
Let s(a) = -50*a - 97. Let u be s(-2). Let h(o) = 7*o + 34. What is h(u)?
55
Let v be (240/(-84))/(4/(-98)). Let a be (-2)/10 - (-784)/v. Let i(f) = f + 2*f - f + a - 15. Give i(3).
2
Suppose -116*q - 3*p = -120*q + 19, -p - 5 = 0. Let g(t) = 53*t. Calculate g(q).
53
Let v(k) = 44*k + 2*k**2 - k**2 - 61*k + 44*k + 68. Calculate v(-3).
-4
Let w(v) = 17*v**3 + 5*v**2 + 2*v + 1. Let c(d) = -416*d + 831. Let j be c(2). Calculate w(j).
-13
Let d(p) = -p - 11*p + 11 + 6*p + 43 + 3*p. What is d(9)?
27
Let l(q) be the first derivative of q**4/4 + q**3/3 - q**2 + 6*q - 2565. What is l(-4)?
-34
Let a = 0 + 53. Let h = a + -48. Let g(n) = -7 - 4*n**2 + 2 + h. Determine g(-1).
-4
Let d(o) = o. Let x(c) = -6*c - 2. Let z(n) = 2*d(n) + x(n). Suppose -2 = 2*u - 4*j + 2, -2*u + j = -8. Suppose -l = -u + 8. What is z(l)?
6
Let i be 1 + (4 - 2 - -2). Suppose 0 = -5*d - 2*p - 1, -3*d + 3 = -3*p - 9. Let w(f) = 256*f + d - 251*f + 0 - f**2. Determine w(i).
1
Let h(m) = -m - 2. Let a(f) be the second derivative of -f**3/3 + 8*f**2 - 5*f. Let z be a(10). Let d = -6 - z. What is h(d)?
0
Let f(i) = -11*i - 9. Let s = -29 + 27. Let k(x) = 5*x + 4. Let p(l) = s*f(l) - 5*k(l). Give p(2).
-8
Let q(b) be the third der